{"id":994,"date":"2021-02-19T17:58:13","date_gmt":"2021-02-19T15:58:13","guid":{"rendered":"http:\/\/kaunastau.lt\/?page_id=994"},"modified":"2021-02-20T15:17:25","modified_gmt":"2021-02-20T13:17:25","slug":"anglu-kalbos-lygiai","status":"publish","type":"page","link":"https:\/\/kaunastau.lt\/index.php\/anglu-kalbos-lygiai\/","title":{"rendered":"ANGL\u0172 KALBOS LYGIAI"},"content":{"rendered":"\n<p>I\u0161 angl\u0173 kalb\u0105 besimokan\u010di\u0173 \u017emoni\u0173 da\u017enai galime i\u0161girsti tam tikrus terminus, kai kalba pasisuka apie j\u0173 \u017eini\u0173 lyg\u012f.<\/p>\n\n\n\n<p>\u201eMano angl\u0173 kalbos lygis A2\u201d arba \u201e\u0160iais metais noriu pasiekti B1 lyg\u012f\u201d. &nbsp;<\/p>\n\n\n\n<p>Bet k\u0105 rei\u0161kia A2 ir B1?<\/p>\n\n\n\n<p>\u0160ie simboliai \u2013 raid\u0117s ir skai\u010diai \u2013 tai Europoje galiojanti kalbos lygi\u0173 sistema arba CEFR (<em>Common European Framework of Reference for Languages<\/em>), kuri padeda besimokantiesiems \u012fvertinti savo turimas kalbos \u017einias bei numatyti, k\u0105 jie tur\u0117t\u0173 mok\u0117ti baigus atitinkam\u0105 kurs\u0105.<\/p>\n\n\n\n<p>CEFR angl\u0173 kalbos lygius naudoja visi \u0161iuolaikiniai angl\u0173 kalbos vadov\u0117liai ir kalb\u0173 mokyklos. Taip pat \u0161\u012f standart\u0105 rekomenduojama naudoti gyvenimo apra\u0161ymuose ar bet kur kitur, kur reikia nurodyti savo angl\u0173 kalbos \u017eini\u0173 lyg\u012f.<\/p>\n\n\n\n<p>I\u0161skiriami \u0161ie lygiai:<\/p>\n\n\n\n<p>A0 \u2013 Beginner<\/p>\n\n\n\n<p>A1 \u2013 Elementary<\/p>\n\n\n\n<p>A2 \u2013 Pre-Intermediate<\/p>\n\n\n\n<p>B1 \u2013 Intermediate<\/p>\n\n\n\n<p>B2 \u2013 Upper-Intermediate<\/p>\n\n\n\n<p>C1 \u2013 Advanced<\/p>\n\n\n\n<p>C2 \u2013 Proficiency<\/p>\n\n\n\n<p>\u0160ie lygiai taip pat gali b\u016bti skirstomi \u012f polygius.<\/p>\n\n\n\n<p><\/p>\n\n\n\n<figure class=\"wp-block-image size-large is-resized\"><img loading=\"lazy\" decoding=\"async\" src=\"https:\/\/kaunastau.lt\/wp-content\/uploads\/2021\/02\/A0.png\" alt=\"\" class=\"wp-image-1016\" width=\"67\" height=\"67\" srcset=\"https:\/\/kaunastau.lt\/wp-content\/uploads\/2021\/02\/A0.png 200w, https:\/\/kaunastau.lt\/wp-content\/uploads\/2021\/02\/A0-150x150.png 150w\" sizes=\"auto, (max-width: 67px) 100vw, 67px\" \/><\/figure>\n\n\n\n<p><em>A0 (Beginner)<\/em> \u2013 niekada angl\u0173 kalbos nesimok\u0119s \u017emogus.<\/p>\n\n\n\n<figure class=\"wp-block-image size-large is-resized\"><img loading=\"lazy\" decoding=\"async\" src=\"https:\/\/kaunastau.lt\/wp-content\/uploads\/2021\/02\/A0-1.png\" alt=\"\" class=\"wp-image-1019\" width=\"68\" height=\"68\" srcset=\"https:\/\/kaunastau.lt\/wp-content\/uploads\/2021\/02\/A0-1.png 200w, https:\/\/kaunastau.lt\/wp-content\/uploads\/2021\/02\/A0-1-150x150.png 150w\" sizes=\"auto, (max-width: 68px) 100vw, 68px\" \/><\/figure>\n\n\n\n<p><em>A1 (Elementary)<\/em> lyg\u012f turintis \u017emogus geba suprasti ir naudoti paprastus kasdienius i\u0161sirei\u0161kimus ir labai paprastas frazes, skirtas \u012fgyvendinti konkre\u010dius poreikius. Gali pristatyti save ir kitus bei gali u\u017eduoti ir atsakyti \u012f klausimus susijusius su asmenine informacija, pavyzd\u017eiui apie tai, kur jis gyvena, k\u0105 m\u0117gsta, kuo domisi, geba pristatyti pa\u017e\u012fstamus \u017emones ir daiktus, kuriuos turi. Gali bendrauti paprastai, jei kitas asmuo kalba l\u0117tai ir ai\u0161kiai ir yra pasireng\u0119s pad\u0117ti.<\/p>\n\n\n\n<figure class=\"wp-block-image size-large is-resized\"><img loading=\"lazy\" decoding=\"async\" src=\"https:\/\/kaunastau.lt\/wp-content\/uploads\/2021\/02\/A0-2.png\" alt=\"\" class=\"wp-image-1021\" width=\"71\" height=\"71\" srcset=\"https:\/\/kaunastau.lt\/wp-content\/uploads\/2021\/02\/A0-2.png 200w, https:\/\/kaunastau.lt\/wp-content\/uploads\/2021\/02\/A0-2-150x150.png 150w\" sizes=\"auto, (max-width: 71px) 100vw, 71px\" \/><\/figure>\n\n\n\n<p><em>A2 (Pre-Intermediate)<\/em> lyg\u012f \u012fgij\u0119s \u017emogus gali suprasti sakinius ir da\u017enai vartojamus posakius, susijusius su aktualiausiomis sritimis, pavyzd\u017eiui, pagrindine asmenine ir \u0161eimos informacija, apsipirkimu, vietine geografija, u\u017eimtumu. Geba bendrauti tiesiogiai kei\u010diantis informacija \u017einomais ir \u012fprastais klausimais. Geba paprastai apib\u016bdinti savo kasdien\u0119 aplink\u0105 ir poreikius.<\/p>\n\n\n\n<figure class=\"wp-block-image size-large is-resized\"><img loading=\"lazy\" decoding=\"async\" src=\"https:\/\/kaunastau.lt\/wp-content\/uploads\/2021\/02\/A0-3.png\" alt=\"\" class=\"wp-image-1022\" width=\"70\" height=\"70\" srcset=\"https:\/\/kaunastau.lt\/wp-content\/uploads\/2021\/02\/A0-3.png 200w, https:\/\/kaunastau.lt\/wp-content\/uploads\/2021\/02\/A0-3-150x150.png 150w\" sizes=\"auto, (max-width: 70px) 100vw, 70px\" \/><\/figure>\n\n\n\n<p><em>B1 (Intermediate)<\/em> lygio studentas gali bendrauti \u017einomais klausimais, su kuriais reguliariai susiduria darbe, mokykloje, laisvu metu ir kt. Gali sukurti paprast\u0105 ri\u0161l\u0173 tekst\u0105 \u017einomomis ar sau asmeni\u0161kai \u012fdomiomis temomis. Moka apib\u016bdinti \u012fvykius, svajones, viltis ir ambicijas bei trumpai pagr\u012fsti savo nuomones ir planus.<\/p>\n\n\n\n<figure class=\"wp-block-image size-large is-resized\"><img loading=\"lazy\" decoding=\"async\" src=\"https:\/\/kaunastau.lt\/wp-content\/uploads\/2021\/02\/A0-4.png\" alt=\"\" class=\"wp-image-1023\" width=\"73\" height=\"73\" srcset=\"https:\/\/kaunastau.lt\/wp-content\/uploads\/2021\/02\/A0-4.png 200w, https:\/\/kaunastau.lt\/wp-content\/uploads\/2021\/02\/A0-4-150x150.png 150w\" sizes=\"auto, (max-width: 73px) 100vw, 73px\" \/><\/figure>\n\n\n\n<p><em>B2 (Upper-Intermediate) <\/em>lyg\u012f \u012fgij\u0119s studentas supranta pagrindines sud\u0117tingo, tiek konkretaus, tiek abstraktaus, teksto id\u0117jas, \u012fskaitant techninius ir specializuotus savo profesin\u0117s srities klausimus. Gali bendrauti spontani\u0161kai, tod\u0117l sklandus bendravimas su gimtakalbiais asmenimis yra lengvai \u012fmanomas abiems \u0161alims. Geba parengti ai\u0161k\u0173, i\u0161sam\u0173 tekst\u0105 apie \u012fvairiausias temas ir paai\u0161kinti po\u017ei\u016br\u012f \u012f aktuali\u0105 problem\u0105, pateikdamas aspekt\u0173 prana\u0161umus ir tr\u016bkumus.<\/p>\n\n\n\n<figure class=\"wp-block-image size-large is-resized\"><img loading=\"lazy\" decoding=\"async\" src=\"https:\/\/kaunastau.lt\/wp-content\/uploads\/2021\/02\/A0-5.png\" alt=\"\" class=\"wp-image-1024\" width=\"73\" height=\"73\" srcset=\"https:\/\/kaunastau.lt\/wp-content\/uploads\/2021\/02\/A0-5.png 200w, https:\/\/kaunastau.lt\/wp-content\/uploads\/2021\/02\/A0-5-150x150.png 150w\" sizes=\"auto, (max-width: 73px) 100vw, 73px\" \/><\/figure>\n\n\n\n<p><em>C1 (Advanced) <\/em>lygio studentas gali suprasti \u012fvairius ilgus sud\u0117tingus &nbsp;tekstus ir suvokti j\u0173 potekst\u0119. Moka skland\u017eiai ir spontani\u0161kai i\u0161reik\u0161ti save be didesni\u0173 i\u0161rai\u0161kos priemoni\u0173 ie\u0161kojimo. Geba lanks\u010diai ir efektyviai vartoti kalb\u0105 socialiniais, akademiniais ir profesiniais tikslais. Gali parengti ai\u0161k\u0173, gerai strukt\u016brizuot\u0105, i\u0161sam\u0173 tekst\u0105 sud\u0117tingomis temomis, laikydamasis vis\u0173 stiliaus bei teksto ri\u0161lumo reikalavim\u0173.<\/p>\n\n\n\n<figure class=\"wp-block-image size-large is-resized\"><img loading=\"lazy\" decoding=\"async\" src=\"https:\/\/kaunastau.lt\/wp-content\/uploads\/2021\/02\/A0-6.png\" alt=\"\" class=\"wp-image-1025\" width=\"71\" height=\"71\" srcset=\"https:\/\/kaunastau.lt\/wp-content\/uploads\/2021\/02\/A0-6.png 200w, https:\/\/kaunastau.lt\/wp-content\/uploads\/2021\/02\/A0-6-150x150.png 150w\" sizes=\"auto, (max-width: 71px) 100vw, 71px\" \/><\/figure>\n\n\n\n<p><em><strong>C2 (Proficiency<\/strong>)<\/em> lyg\u012f turintis \u017emogus i\u0161 esm\u0117s gali lengvai suprasti visk\u0105, k\u0105 girdi ir skaito. Geba nuosekliai pristatydamas ir perfrazuodamas apibendrinti gaut\u0105 informacij\u0105 i\u0161 skirting\u0173 sakytini\u0173 ir ra\u0161ytini\u0173 \u0161altini\u0173. Net ir sud\u0117tingesn\u0117se situacijose gali spontani\u0161kai, laisvai ir tiksliai, perteikdamas skirtingus reik\u0161mi\u0173 niuansus, i\u0161reik\u0161ti save. &nbsp;&nbsp;&nbsp;<\/p>\n","protected":false},"excerpt":{"rendered":"<p>I\u0161 angl\u0173 kalb\u0105 besimokan\u010di\u0173 \u017emoni\u0173 da\u017enai galime i\u0161girsti tam tikrus terminus, kai kalba pasisuka apie j\u0173 \u017eini\u0173 lyg\u012f. \u201eMano angl\u0173 kalbos lygis A2\u201d arba \u201e\u0160iais metais noriu pasiekti B1 lyg\u012f\u201d. &nbsp; Bet k\u0105 rei\u0161kia A2 ir B1? \u0160ie simboliai \u2013 raid\u0117s ir skai\u010diai \u2013 tai Europoje galiojanti kalbos lygi\u0173 sistema arba CEFR (Common European Framework &hellip;<\/p>\n<p class=\"read-more\"> <a class=\"\" href=\"https:\/\/kaunastau.lt\/index.php\/anglu-kalbos-lygiai\/\"> <span class=\"screen-reader-text\">ANGL\u0172 KALBOS LYGIAI<\/span> Skaityti daugiau &raquo;<\/a><\/p>\n","protected":false},"author":1,"featured_media":0,"parent":0,"menu_order":0,"comment_status":"closed","ping_status":"closed","template":"","meta":{"footnotes":""},"class_list":["post-994","page","type-page","status-publish","hentry"],"jetpack_sharing_enabled":true,"_links":{"self":[{"href":"https:\/\/kaunastau.lt\/index.php\/wp-json\/wp\/v2\/pages\/994","targetHints":{"allow":["GET"]}}],"collection":[{"href":"https:\/\/kaunastau.lt\/index.php\/wp-json\/wp\/v2\/pages"}],"about":[{"href":"https:\/\/kaunastau.lt\/index.php\/wp-json\/wp\/v2\/types\/page"}],"author":[{"embeddable":true,"href":"https:\/\/kaunastau.lt\/index.php\/wp-json\/wp\/v2\/users\/1"}],"replies":[{"embeddable":true,"href":"https:\/\/kaunastau.lt\/index.php\/wp-json\/wp\/v2\/comments?post=994"}],"version-history":[{"count":6,"href":"https:\/\/kaunastau.lt\/index.php\/wp-json\/wp\/v2\/pages\/994\/revisions"}],"predecessor-version":[{"id":1028,"href":"https:\/\/kaunastau.lt\/index.php\/wp-json\/wp\/v2\/pages\/994\/revisions\/1028"}],"wp:attachment":[{"href":"https:\/\/kaunastau.lt\/index.php\/wp-json\/wp\/v2\/media?parent=994"}],"curies":[{"name":"wp","href":"https:\/\/api.w.org\/{rel}","templated":true}]}}