{"id":736,"date":"2021-01-12T18:11:44","date_gmt":"2021-01-12T16:11:44","guid":{"rendered":"http:\/\/kaunastau.lt\/?page_id=736"},"modified":"2021-01-12T18:12:46","modified_gmt":"2021-01-12T16:12:46","slug":"klausytojams","status":"publish","type":"page","link":"https:\/\/kaunastau.lt\/index.php\/klausytojams\/","title":{"rendered":"KLAUSYTOJ\u0172 TEIS\u0116S IR PAREIGOS"},"content":{"rendered":"\n<p class=\"has-medium-font-size\">I\u0161ra\u0161as i\u0161 Kauno tre\u010diojo am\u017eiaus universiteto (Kauno TAU) \u012fstat\u0173:<\/p>\n\n\n\n<p>&#8222;<strong>III.&nbsp;&nbsp;KAUNO TAU KLAUSYTOJAI, J\u0172 TEIS\u0116S IR PAREIGOS<\/strong><\/p>\n\n\n\n<p><strong>3.1.&nbsp;&nbsp;<\/strong><strong>Kauno&nbsp;<\/strong><strong>TAU<\/strong>&nbsp;nari\u0173 (toliau \u2013 klausytoj\u0173) pri\u0117mimo tvarka ir s\u0105lygos:<\/p>\n\n\n\n<p>3.1.1. Kauno TAU klausytojais gali tapti visi vyresnio am\u017eiaus Lietuvos gyventojai. Asmenims su negalia am\u017eius neribojamas;<\/p>\n\n\n\n<p>3.1.2. klausytoju gali b\u016bti Lietuvos gyventojas, u\u017epild\u0119s ir pateik\u0119s nustatytos formos&nbsp;&nbsp;pra\u0161ym\u0105 bei sumok\u0117j\u0119 klausytojo mokest\u012f pagal rektorato nustatyt\u0105 tvark\u0105.<\/p>\n\n\n\n<p><strong>3.2.&nbsp;&nbsp;&nbsp;&nbsp;Kauno TAU klausytoj\u0173 teis\u0117s:<\/strong><\/p>\n\n\n\n<ul class=\"wp-block-list\"><li>rinkti ir b\u016bti i\u0161rinktu&nbsp;&nbsp;\u012f Kauno TAU renkamus organus;<\/li><li>naudotis teikiamomis paslaugomis, inventoriumi ir patalpomis, skirtomis klausytoj\u0173 u\u017esi\u0117mimams;<\/li><li>gauti informacij\u0105 apie Kauno TAU veikl\u0105;<\/li><li>bet kada i\u0161stoti i\u0161 Kauno TAU, apie savo sprendim\u0105 informavus fakulteto dekan\u0105. Tokiu atveju stojamieji \u012fna\u0161ai, metiniai mokes\u010diai ar kitaip Kauno TAU nuosavyb\u0117n perduotos l\u0117\u0161os ir turtas negr\u0105\u017einami;<\/li><li>teikti \u017eodinius bei ra\u0161ytinius pasi\u016blymus d\u0117l Kauno TAU veiklos, nutarim\u0173, kit\u0173 akt\u0173 projekt\u0173.<\/li><\/ul>\n\n\n\n<p><strong>3.3.&nbsp;&nbsp;&nbsp;&nbsp;Kauno TAU klausytoj\u0173 pareigos:<\/strong><\/p>\n\n\n\n<p>3.3.1. laikytis Kauno TAU \u012fstat\u0173;<\/p>\n\n\n\n<p>3.3.2.<strong>&nbsp;<\/strong>laiku sumok\u0117ti nustatyt\u0105 metin\u012f klausytojo mokest\u012f;<\/p>\n\n\n\n<p>3.3.3. aktyviai dalyvauti Kauno TAU veikloje, organizuojamuose renginiuose (paskaitose, seminaruose, konferencijose, susitikimuose, i\u0161vykose ir kituose renginiuose);<\/p>\n\n\n\n<p>3.3.4.<strong>&nbsp;&nbsp;<\/strong>atstovauti ir populiarinti Kauno TAU visuomen\u0117je;<\/p>\n\n\n\n<p>3.3.5.&nbsp;&nbsp;vykdyti Kauno TAU rektorato sprendimus;<\/p>\n\n\n\n<p>3.3.6.&nbsp;&nbsp;teikti informacij\u0105 bei kit\u0105 pagalb\u0105, reikaling\u0105 Kauno TAU tikslams ir&nbsp;&nbsp;u\u017edaviniams&nbsp;&nbsp;\u012fgyvendinti;<\/p>\n\n\n\n<p>3.3.7.&nbsp;&nbsp;vykdyti kitas \u012fstatymuose ir \u0161iuose \u012fstatuose nustatytas pareigas.<\/p>\n\n\n\n<p><strong>3.4.&nbsp;&nbsp;&nbsp;&nbsp;&nbsp;&nbsp;Kauno TAU klausytoj\u0173 pa\u0161alinimas:<\/strong><\/p>\n\n\n\n<ul class=\"wp-block-list\"><li>rektorato sprendimu klausytojas gali b\u016bti pa\u0161alintas i\u0161 Kauno TAU, jeigu nevykdo ar netinkamai vykdo \u012fstatuose nustatytas pareigas, rektorato nutarimus ir sprendimus;<\/li><li>pa\u0161alintam klausytojui stojamasis mokestis ir kitos \u012fmokos negr\u0105\u017einami;<\/li><li>klausytojui nesusimok\u0117jus metinio mokes\u010dio ir visus metus nedalyvaujant Kauno TAU u\u017esi\u0117mimuose, jo\/jos naryst\u0117 Kauno TAU gali b\u016bti stabdoma. Klausytojui sumok\u0117jus metin\u012f mokest\u012f jo\/jos naryst\u0117 atnaujinama;<\/li><li>rektorato nustatyt\u0105 stojam\u0173j\u0173 \u012fna\u0161\u0173 ir nario mokes\u010di\u0173 mok\u0117jimo tvark\u0105 tvirtina konferencija;<\/li><li>rektorato sprendimas d\u0117l nario pri\u0117mimo ar pa\u0161alinimo i\u0161 Kauno TAU gali b\u016bti&nbsp;skund\u017eiamas konferencijai.<\/li><\/ul>\n","protected":false},"excerpt":{"rendered":"<p>I\u0161ra\u0161as i\u0161 Kauno tre\u010diojo am\u017eiaus universiteto (Kauno TAU) \u012fstat\u0173: &#8222;III.&nbsp;&nbsp;KAUNO TAU KLAUSYTOJAI, J\u0172 TEIS\u0116S IR PAREIGOS 3.1.&nbsp;&nbsp;Kauno&nbsp;TAU&nbsp;nari\u0173 (toliau \u2013 klausytoj\u0173) pri\u0117mimo tvarka ir s\u0105lygos: 3.1.1. Kauno TAU klausytojais gali tapti visi vyresnio am\u017eiaus Lietuvos gyventojai. Asmenims su negalia am\u017eius neribojamas; 3.1.2. klausytoju gali b\u016bti Lietuvos gyventojas, u\u017epild\u0119s ir pateik\u0119s nustatytos formos&nbsp;&nbsp;pra\u0161ym\u0105 bei sumok\u0117j\u0119 klausytojo mokest\u012f &hellip;<\/p>\n<p class=\"read-more\"> <a class=\"\" href=\"https:\/\/kaunastau.lt\/index.php\/klausytojams\/\"> <span class=\"screen-reader-text\">KLAUSYTOJ\u0172 TEIS\u0116S IR PAREIGOS<\/span> Skaityti daugiau &raquo;<\/a><\/p>\n","protected":false},"author":1,"featured_media":0,"parent":0,"menu_order":0,"comment_status":"closed","ping_status":"closed","template":"","meta":{"footnotes":""},"class_list":["post-736","page","type-page","status-publish","hentry"],"jetpack_sharing_enabled":true,"_links":{"self":[{"href":"https:\/\/kaunastau.lt\/index.php\/wp-json\/wp\/v2\/pages\/736","targetHints":{"allow":["GET"]}}],"collection":[{"href":"https:\/\/kaunastau.lt\/index.php\/wp-json\/wp\/v2\/pages"}],"about":[{"href":"https:\/\/kaunastau.lt\/index.php\/wp-json\/wp\/v2\/types\/page"}],"author":[{"embeddable":true,"href":"https:\/\/kaunastau.lt\/index.php\/wp-json\/wp\/v2\/users\/1"}],"replies":[{"embeddable":true,"href":"https:\/\/kaunastau.lt\/index.php\/wp-json\/wp\/v2\/comments?post=736"}],"version-history":[{"count":2,"href":"https:\/\/kaunastau.lt\/index.php\/wp-json\/wp\/v2\/pages\/736\/revisions"}],"predecessor-version":[{"id":738,"href":"https:\/\/kaunastau.lt\/index.php\/wp-json\/wp\/v2\/pages\/736\/revisions\/738"}],"wp:attachment":[{"href":"https:\/\/kaunastau.lt\/index.php\/wp-json\/wp\/v2\/media?parent=736"}],"curies":[{"name":"wp","href":"https:\/\/api.w.org\/{rel}","templated":true}]}}