{"id":188,"date":"2020-10-18T11:29:09","date_gmt":"2020-10-18T11:29:09","guid":{"rendered":"http:\/\/kaunastau.lt\/?page_id=188"},"modified":"2021-11-16T14:11:46","modified_gmt":"2021-11-16T12:11:46","slug":"teises-fakultetas","status":"publish","type":"page","link":"https:\/\/kaunastau.lt\/index.php\/teises-fakultetas\/","title":{"rendered":"TEIS\u0116S FAKULTETAS"},"content":{"rendered":"\n<figure class=\"wp-block-image size-large\"><img loading=\"lazy\" decoding=\"async\" width=\"721\" height=\"1024\" src=\"http:\/\/kaunastau.lt\/wp-content\/uploads\/2020\/10\/Teises-psl-721x1024.jpeg\" alt=\"\" class=\"wp-image-189\" srcset=\"https:\/\/kaunastau.lt\/wp-content\/uploads\/2020\/10\/Teises-psl-721x1024.jpeg 721w, https:\/\/kaunastau.lt\/wp-content\/uploads\/2020\/10\/Teises-psl-211x300.jpeg 211w, https:\/\/kaunastau.lt\/wp-content\/uploads\/2020\/10\/Teises-psl-768x1091.jpeg 768w, https:\/\/kaunastau.lt\/wp-content\/uploads\/2020\/10\/Teises-psl.jpeg 843w\" sizes=\"auto, (max-width: 721px) 100vw, 721px\" \/><\/figure>\n\n\n\n<figure class=\"wp-block-image size-large\"><img loading=\"lazy\" decoding=\"async\" width=\"1024\" height=\"682\" src=\"https:\/\/kaunastau.lt\/wp-content\/uploads\/2021\/10\/Marius-Jonaitis-paskaitoje-1024x682.jpg\" alt=\"\" class=\"wp-image-1428\" srcset=\"https:\/\/kaunastau.lt\/wp-content\/uploads\/2021\/10\/Marius-Jonaitis-paskaitoje-1024x682.jpg 1024w, https:\/\/kaunastau.lt\/wp-content\/uploads\/2021\/10\/Marius-Jonaitis-paskaitoje-300x200.jpg 300w, https:\/\/kaunastau.lt\/wp-content\/uploads\/2021\/10\/Marius-Jonaitis-paskaitoje-768x512.jpg 768w, https:\/\/kaunastau.lt\/wp-content\/uploads\/2021\/10\/Marius-Jonaitis-paskaitoje-1536x1024.jpg 1536w, https:\/\/kaunastau.lt\/wp-content\/uploads\/2021\/10\/Marius-Jonaitis-paskaitoje.jpg 2000w\" sizes=\"auto, (max-width: 1024px) 100vw, 1024px\" \/><\/figure>\n\n\n\n\n\n<figure class=\"wp-block-image size-large\"><img loading=\"lazy\" decoding=\"async\" width=\"147\" height=\"116\" src=\"https:\/\/kaunastau.lt\/wp-content\/uploads\/2021\/10\/Marius-Jonaitis-foto.jpg\" alt=\"\" class=\"wp-image-1427\"\/><\/figure>\n\n\n\n<p><strong>Dekanas &#8211; dr. Marius Jonaitis, tel.8-686-00520<\/strong>, <a href=\"mailto:marius.jonaitis@kat.lt\">marius.jonaitis@kat.lt<\/a><\/p>\n\n\n\n<p><strong>Seni\u016bn\u0117 &#8211; J\u016brat\u0117 Teres\u0117&nbsp;Dambrauskien\u0117, tel.8-687-93789<\/strong><\/p>\n\n\n\n<p><\/p>\n\n\n\n<p>Naujas el. pa\u0161tas: <a rel=\"noreferrer noopener\" href=\"mailto:anglu@kaunastau.lt\" target=\"_blank\">teises@kaunastau.lt<\/a><\/p>\n\n\n\n<p><\/p>\n\n\n\n<div class=\"wp-block-contact-form-7-contact-form-selector\">\n<div class=\"wpcf7 no-js\" id=\"wpcf7-f670-o1\" lang=\"lt-LT\" dir=\"ltr\">\n<div class=\"screen-reader-response\"><p role=\"status\" aria-live=\"polite\" aria-atomic=\"true\"><\/p> <ul><\/ul><\/div>\n<form action=\"\/index.php\/wp-json\/wp\/v2\/pages\/188#wpcf7-f670-o1\" method=\"post\" class=\"wpcf7-form init Aweber-ext-0.1.43\" aria-label=\"Contact form\" novalidate=\"novalidate\" data-status=\"init\">\n<div style=\"display: none;\">\n<input type=\"hidden\" name=\"_wpcf7\" value=\"670\" \/>\n<input type=\"hidden\" name=\"_wpcf7_version\" value=\"5.7.7\" \/>\n<input type=\"hidden\" name=\"_wpcf7_locale\" value=\"lt_LT\" \/>\n<input type=\"hidden\" name=\"_wpcf7_unit_tag\" value=\"wpcf7-f670-o1\" \/>\n<input type=\"hidden\" name=\"_wpcf7_container_post\" value=\"0\" \/>\n<input type=\"hidden\" name=\"_wpcf7_posted_data_hash\" value=\"\" \/>\n<\/div>\n<p><label> J\u016bs\u0173 vardas:<br \/>\n<span class=\"wpcf7-form-control-wrap\" data-name=\"your-name\"><input size=\"40\" class=\"wpcf7-form-control wpcf7-text wpcf7-validates-as-required\" aria-required=\"true\" aria-invalid=\"false\" value=\"\" type=\"text\" name=\"your-name\" \/><\/span> <\/label>\n<\/p>\n<p><label> J\u016bs\u0173 e. pa\u0161to adresas:<br \/>\n<span class=\"wpcf7-form-control-wrap\" data-name=\"your-email\"><input size=\"40\" class=\"wpcf7-form-control wpcf7-text wpcf7-email wpcf7-validates-as-required wpcf7-validates-as-email\" aria-required=\"true\" aria-invalid=\"false\" value=\"\" type=\"email\" name=\"your-email\" \/><\/span> <\/label>\n<\/p>\n<p><label> Tema<br \/>\n<span class=\"wpcf7-form-control-wrap\" data-name=\"your-subject\"><input size=\"40\" class=\"wpcf7-form-control wpcf7-text wpcf7-validates-as-required\" aria-required=\"true\" aria-invalid=\"false\" value=\"\" type=\"text\" name=\"your-subject\" \/><\/span> <\/label>\n<\/p>\n<p><label> J\u016bs\u0173 \u017einut\u0117:<br \/>\n<span class=\"wpcf7-form-control-wrap\" data-name=\"your-message\"><textarea cols=\"40\" rows=\"10\" class=\"wpcf7-form-control wpcf7-textarea\" aria-invalid=\"false\" name=\"your-message\"><\/textarea><\/span> <\/label>\n<\/p>\n<p><input class=\"wpcf7-form-control has-spinner wpcf7-submit\" type=\"submit\" value=\"Si\u0173sti\" \/>\n<\/p><p style=\"display: none !important;\" class=\"akismet-fields-container\" data-prefix=\"_wpcf7_ak_\"><label>&#916;<textarea name=\"_wpcf7_ak_hp_textarea\" cols=\"45\" rows=\"8\" maxlength=\"100\"><\/textarea><\/label><input type=\"hidden\" id=\"ak_js_1\" name=\"_wpcf7_ak_js\" value=\"230\"\/><script>document.getElementById( \"ak_js_1\" ).setAttribute( \"value\", ( new Date() ).getTime() );<\/script><\/p><div class=\"wpcf7-response-output\" aria-hidden=\"true\"><\/div><p style=\"display: none !important\"><span class=\"wpcf7-form-control-wrap referer-page\"><input type=\"hidden\" name=\"referer-page\" value=\"direct visit\" size=\"40\" class=\"wpcf7-form-control wpcf7-text referer-page\" aria-invalid=\"false\"><\/span><\/p>\n<!-- awbmail extension by Renzo Johnson -->\n<\/form>\n<\/div>\n<\/div>\n","protected":false},"excerpt":{"rendered":"<p>Dekanas &#8211; dr. Marius Jonaitis, tel.8-686-00520, marius.jonaitis@kat.lt Seni\u016bn\u0117 &#8211; J\u016brat\u0117 Teres\u0117&nbsp;Dambrauskien\u0117, tel.8-687-93789 Naujas el. pa\u0161tas: teises@kaunastau.lt<\/p>\n","protected":false},"author":1,"featured_media":0,"parent":0,"menu_order":0,"comment_status":"closed","ping_status":"closed","template":"","meta":{"footnotes":""},"class_list":["post-188","page","type-page","status-publish","hentry"],"jetpack_sharing_enabled":true,"_links":{"self":[{"href":"https:\/\/kaunastau.lt\/index.php\/wp-json\/wp\/v2\/pages\/188","targetHints":{"allow":["GET"]}}],"collection":[{"href":"https:\/\/kaunastau.lt\/index.php\/wp-json\/wp\/v2\/pages"}],"about":[{"href":"https:\/\/kaunastau.lt\/index.php\/wp-json\/wp\/v2\/types\/page"}],"author":[{"embeddable":true,"href":"https:\/\/kaunastau.lt\/index.php\/wp-json\/wp\/v2\/users\/1"}],"replies":[{"embeddable":true,"href":"https:\/\/kaunastau.lt\/index.php\/wp-json\/wp\/v2\/comments?post=188"}],"version-history":[{"count":10,"href":"https:\/\/kaunastau.lt\/index.php\/wp-json\/wp\/v2\/pages\/188\/revisions"}],"predecessor-version":[{"id":1458,"href":"https:\/\/kaunastau.lt\/index.php\/wp-json\/wp\/v2\/pages\/188\/revisions\/1458"}],"wp:attachment":[{"href":"https:\/\/kaunastau.lt\/index.php\/wp-json\/wp\/v2\/media?parent=188"}],"curies":[{"name":"wp","href":"https:\/\/api.w.org\/{rel}","templated":true}]}}