{"id":1011,"date":"2021-02-19T18:07:36","date_gmt":"2021-02-19T16:07:36","guid":{"rendered":"http:\/\/kaunastau.lt\/?page_id=1011"},"modified":"2021-04-24T14:21:57","modified_gmt":"2021-04-24T12:21:57","slug":"anglu-kalbos-lygio-nustatymo-testas","status":"publish","type":"page","link":"https:\/\/kaunastau.lt\/index.php\/anglu-kalbos-lygio-nustatymo-testas\/","title":{"rendered":"ANGL\u0172 KALBOS LYGIO NUSTATYMO TESTAS"},"content":{"rendered":"\n<p>Jeigu norite su\u017einoti savo angl\u0173 kalbos lyg\u012f, paspauskite ant nuorodos ir atlikite lygio nustatymo test\u0105, kuris susideda i\u0161 60 klausim\u0173. Jeigu atsakymo ne\u017einote, klausim\u0105 galite praleisti. S\u0117km\u0117s!<\/p>\n\n\n\n<p><a href=\"https:\/\/forms.gle\/62zK3HvAbfwGky6T9\">TESTAS<\/a><\/p>\n\n\n\n<p><\/p>\n\n\n\n<p><\/p>\n","protected":false},"excerpt":{"rendered":"<p>Jeigu norite su\u017einoti savo angl\u0173 kalbos lyg\u012f, paspauskite ant nuorodos ir atlikite lygio nustatymo test\u0105, kuris susideda i\u0161 60 klausim\u0173. Jeigu atsakymo ne\u017einote, klausim\u0105 galite praleisti. S\u0117km\u0117s! TESTAS<\/p>\n","protected":false},"author":1,"featured_media":0,"parent":0,"menu_order":0,"comment_status":"closed","ping_status":"closed","template":"","meta":{"footnotes":""},"class_list":["post-1011","page","type-page","status-publish","hentry"],"jetpack_sharing_enabled":true,"_links":{"self":[{"href":"https:\/\/kaunastau.lt\/index.php\/wp-json\/wp\/v2\/pages\/1011","targetHints":{"allow":["GET"]}}],"collection":[{"href":"https:\/\/kaunastau.lt\/index.php\/wp-json\/wp\/v2\/pages"}],"about":[{"href":"https:\/\/kaunastau.lt\/index.php\/wp-json\/wp\/v2\/types\/page"}],"author":[{"embeddable":true,"href":"https:\/\/kaunastau.lt\/index.php\/wp-json\/wp\/v2\/users\/1"}],"replies":[{"embeddable":true,"href":"https:\/\/kaunastau.lt\/index.php\/wp-json\/wp\/v2\/comments?post=1011"}],"version-history":[{"count":3,"href":"https:\/\/kaunastau.lt\/index.php\/wp-json\/wp\/v2\/pages\/1011\/revisions"}],"predecessor-version":[{"id":1156,"href":"https:\/\/kaunastau.lt\/index.php\/wp-json\/wp\/v2\/pages\/1011\/revisions\/1156"}],"wp:attachment":[{"href":"https:\/\/kaunastau.lt\/index.php\/wp-json\/wp\/v2\/media?parent=1011"}],"curies":[{"name":"wp","href":"https:\/\/api.w.org\/{rel}","templated":true}]}}